ors of h?
3, 17
Let a(m) = 70*m**2 - 6*m + 19. What are the prime factors of a(2)?
7, 41
Let z = -1 + 5. Suppose j - 2*j + 20 = -3*p, 5*p - 5 = 0. Suppose 85 = z*g - j. List the prime factors of g.
3
Let x(c) = -7 + 0 + 7 + c. Let v be x(3). Suppose -4*n = 2*j - 98, -v*n + 32 = 3*j - 34. List the prime factors of n.
3
Let l be (-3)/(-3) - 2 - -3. Suppose -4*f - 545 = 3*u, f + 139 = -0*f + l*u. Let n = -89 - f. List the prime factors of n.
2, 3
Suppose 4*j + 3102 = 6*j. Suppose -8*s = -289 - j. What are the prime factors of s?
2, 5, 23
Suppose 1 = -2*w + 3. Let v = 3 - w. Let i(f) = 8*f - 2. What are the prime factors of i(v)?
2, 7
Let x(a) = -2*a - 4. Let p be x(-6). Let d(n) = -16*n - 12*n + 29*n + 1. What are the prime factors of d(p)?
3
Let u(a) = a**2 + 6*a + 3. Let z be u(-4). Let n(p) be the first derivative of -p**4/4 - 4*p**3/3 + p**2 + 6*p - 20. What are the prime factors of n(z)?
3, 7
Suppose -3*h - 5*v + 375 = 0, -5*h + v + 659 = -2*v. Suppose -h = 3*d - 5*d. List the prime factors of d.
5, 13
Let c(j) = -j - 8. Let n be c(-6). Let o be n/(-13) - 141/(-13). List the prime factors of 1464/66 - 2/o.
2, 11
What are the prime factors of 6*(2 - (-7308)/27)?
2, 409
Let c(j) = 12*j**3 - 3*j**2 + 5*j + 4. List the prime factors of c(5).
2, 727
Suppose -4*o + 5*o - 6 = 0. Let d be o/21 + (-66)/(-14). Suppose -v + 5*h = -13, d*v = 6*h - h + 45. What are the prime factors of v?
2
List the prime factors of ((-121)/44)/((-2)/136).
11, 17
Let n(b) = -7*b**3 + 23*b**2 + 17*b + 21. What are the prime factors of n(-7)?
2, 5, 7
Let c = 69 - -164. List the prime factors of c.
233
Let p(q) = -4*q - 7. Let v be p(-6). Let o = 65 - v. What are the prime factors of o?
2, 3
Let f be 3724/10 + 2/(-5). Suppose 0 = -7*m + 3*m + f. Suppose -3*i - 4*l = -m, 22 = i - l - 9. List the prime factors of i.
31
What are the prime factors of 11/44*(2292 + 0)?
3, 191
Let r(g) = 2*g**2 + 6*g + 4. Let b be r(-4). Let j be (-32)/b*9/4. Let p = 6 - j. List the prime factors of p.
2, 3
Suppose -5*d + 5*j + 145 = 0, -3*d + 51 = -5*j - 44. Suppose 5*n - d = 40. List the prime factors of n.
13
Let a = 22 - 41. Let q = a + 21. List the prime factors of (6 - q) + 5*6.
2, 17
Let a be (-130 + 1 - -2)*(0 + -1). Suppose -4*u + a + 93 = 0. What are the prime factors of u?
5, 11
List the prime factors of ((-4)/24*52 + 4)*-123.
2, 7, 41
What are the prime factors of (-2831)/(-95)*(0 + (33 - -2))?
7, 149
Suppose 0*r - 5*r - 25 = 0. Let s = -6 - r. Let t = 10 + s. List the prime factors of t.
3
Let i = -244 - -367. Suppose -i - 6 = -5*p - 3*h, -3*h - 39 = -2*p. What are the prime factors of p?
2, 3
Suppose -15 + 1 = -4*k - i, -4*k + i + 18 = 0. Let b(h) = h**2 - h. Let o be b(1). Suppose o = -k*p + 4 + 32. List the prime factors of p.
3
What are the prime factors of (-7 - (-3 + -706)) + -6?
2, 3, 29
Let p be -4*(3/3 - 2). Let n be 0 + (3 - p)/(-1). Suppose 2*c = -10, 2 = o + 2*c - n. List the prime factors of o.
13
Suppose 175 = 2*d - 7*d - 5*a, -135 = 3*d - 3*a. Let v be ((-3)/(-2))/(4/d). Let s = v - -30. List the prime factors of s.
3, 5
Let a = 974 - 465. What are the prime factors of a?
509
Let m(g) = -g + 12. Let s be m(9). Suppose -5*t - 5*b - 60 + 225 = 0, -s*t - b + 89 = 0. Let o = -18 + t. List the prime factors of o.
2, 5
Let o(k) = 7*k - 5. Let i(f) = -f + 1. Let w(a) = -2*i(a) - o(a). List the prime factors of w(-7).
2, 19
Suppose 9 = p + y - 0*y, p + 5*y = 25. Suppose -31 = p*u - 211. Suppose u = 2*q + 3*l, 57 = -4*q + 4*l + 169. List the prime factors of q.
2, 3
Let y = -276 + 427. List the prime factors of y.
151
Let t be 36/(-90)*20*(0 + -1). Let d(b) be the first derivative of b**4/4 - 3*b**3 + 6*b**2 - 5*b - 3. List the prime factors of d(t).
3
Let y be (-21)/(-2) + (-2)/4. Let g = -19 + y. Let f = 26 + g. What are the prime factors of f?
17
Let d(z) = 6*z**2 - 7*z + 14. Let k be (-22)/(-8) - -1 - 6/(-24). What are the prime factors of d(k)?
2, 41
Let s = -1 - -6. Let n = s - 8. Let j = n - -24. List the prime factors of j.
3, 7
Let h(o) = o**3 + 9*o**2 + 2*o + 17. Let m be h(-9). List the prime factors of -48 - -147 - (4/(-2) + m).
2, 3, 17
Let f(l) = 18*l + 7. List the prime factors of f(7).
7, 19
Suppose 0 = -5*v + 1253 + 2282. List the prime factors of v.
7, 101
Suppose -5*r - 64 = -6*r. Suppose -r*j + 66*j = 214. What are the prime factors of j?
107
Let f = -1185 + 1753. List the prime factors of f.
2, 71
Suppose j + 128 = r, -12*j = 3*r - 7*j - 368. What are the prime factors of r?
2, 3, 7
Let u(h) = 193*h**3 - 5*h**2 + 9*h - 3. Let c(z) = -290*z**3 + 8*z**2 - 14*z + 5. Let i(n) = -5*c(n) - 8*u(n). List the prime factors of i(-1).
5, 19
Suppose 5*m - 80 = -5*o, 10*o - 14 = 9*o - 3*m. Let s(j) = 2*j - 10. List the prime factors of s(o).
2, 3
Let v(j) = -101*j - 2. What are the prime factors of v(-5)?
503
Let n(m) = 3*m**3 - 4*m**3 - 11*m**2 - 3*m + 0*m**3 + 1. What are the prime factors of n(-11)?
2, 17
Let a = -1 + 6. Let l be (a + (3 - 1))*1. Let v = 10 - l. What are the prime factors of v?
3
Let x = 1058 - 418. What are the prime factors of x?
2, 5
Let j(m) = 2*m**3 + 4*m**3 + 2*m**3. Let y be (-14)/77 + 26/22. List the prime factors of j(y).
2
Suppose -2*y - d + 822 = 0, y - 9*d - 422 = -4*d. What are the prime factors of y?
2, 103
Let f(u) be the first derivative of 3*u**2/2 - 7*u + 2. Let g(r) = r - 2. Let k(n) = -6*f(n) + 17*g(n). List the prime factors of k(0).
2
Let j(g) = -g + 1. Let k be j(-2). Suppose 484 = 2*z + k*z - q, -4 = q. Let t = z - 61. List the prime factors of t.
5, 7
Let x be (8/(-10) + 0)*-5. Suppose -x*d = -d - 258. Suppose -3*o = -r + 44, -4*r + 50 = -2*o - d. What are the prime factors of r?
2
Suppose -10*f + 12*f = -180. What are the prime factors of (-4)/(-10) - 11754/f?
131
Let n(i) be the second derivative of 5*i**4/6 + i**3/3 - i**2 - 20*i. What are the prime factors of n(4)?
2, 83
Let z be (-135)/(-15)*-2*(-2)/12. Suppose 2*c + 330 = -0*j + j, -5*c = z*j - 935. List the prime factors of j.
2, 5
Let c = 2 - -2. Suppose -5*g = -4*x + x - 8, -x = -c*g + 12. Suppose 0 = -x*v + 39 + 93. List the prime factors of v.
3, 11
Let t = -751 + 1859. List the prime factors of t.
2, 277
Suppose 5*q + 7*q - 24 = 0. Suppose -4*h + 192 = -q*h. List the prime factors of h.
2, 3
Let c(m) = -4*m + 23. Let t be c(5). Suppose -t*a - 57 = -315. What are the prime factors of a?
2, 43
Suppose -g = 3*g. Let h be (-134)/(-2 - (g + 0)). Let p = h - 45. What are the prime factors of p?
2, 11
Let f(d) = d**2 + 4*d - 7. Let j be f(-6). Suppose q = t - 1, -t + j*q + 0*q = 3. Let n(x) = 17*x - 1. What are the prime factors of n(t)?
3, 11
Let c(f) = 13*f**2 - 8*f + 12. List the prime factors of c(5).
3, 11
Let t(u) = -u**2 - 9*u - 6. Let g be t(-6). List the prime factors of (-2 + -1)*(-144)/g.
2, 3
Suppose 3*l = -3*x + 24, 0*l - 4*x = -l - 17. Suppose 3*v - 697 = -p, -l*v + 924 = v - 4*p. What are the prime factors of v?
2, 29
Let b(y) = -y**2 - 13*y - 14. Let p be 1 + -1 + -11 + 0. Let s be b(p). Suppose -285 = s*l - 13*l. List the prime factors of l.
3, 19
Let x(c) = 86*c - 15. What are the prime factors of x(3)?
3
Suppose 0 = -2*r - 3*r + 170. What are the prime factors of r*-5*(-6)/20?
3, 17
Let i(s) = -s**3 + 16*s**2 - 21*s + 16. Let y be i(14). Let o be 10/(-25) + y/10. Let n = o + -4. List the prime factors of n.
7
Let r(t) = t**2 - 11*t - 6. Let q be r(12). Let w(p) = -4 + p**2 - q*p + 5*p + 5 + 5*p**2. What are the prime factors of w(-2)?
3
Suppose 0*r = r - 182. Let m = r - 123. Suppose -16 = -5*f + m. What are the prime factors of f?
3, 5
Let t(b) = -b + 15. Let p(h) = 3*h + 8. Let n be p(-7). Let s be (n/2)/((-2)/(-4)). What are the prime factors of t(s)?
2, 7
Suppose -44*c = -16*c - 119532. List the prime factors of c.
3, 1423
Let p = 22 + -17. Suppose 5*q - p*r = -30, r - 10 = 5*q + 8. What are the prime factors of (-20)/q*(-45)/(-10)?
2, 3, 5
Suppose 2*g - 5364 = 4*l, 4*g + 0*l = 2*l + 10710. List the prime factors of g.
2, 3, 223
Let n be (-1074)/(-18) - 4/6. Let k = n + -24. List the prime factors of k.
5, 7
Let r(g) = 3*g**2 + 19*g - 27. List the prime factors of r(-12).
3, 59
Let r(q) = -4*q**3 - q**2 - 13*q - 9. Let a(m) = 5*m**3 + 2*m**2 + 13*m + 10. Let f(v) = -5*a(v) - 6*r(v). List the prime factors of f(-9).
2, 73
Suppose -2086 = -19*p 